{"id":309,"date":"2015-04-16T10:15:24","date_gmt":"2015-04-16T09:15:24","guid":{"rendered":"http:\/\/maguykrimm.com\/?page_id=309"},"modified":"2015-04-16T16:25:14","modified_gmt":"2015-04-16T15:25:14","slug":"seul","status":"publish","type":"page","link":"http:\/\/maguykrimm.com\/?page_id=309","title":{"rendered":"Seul"},"content":{"rendered":"<p><a href=\"http:\/\/maguykrimm.com\/wp-content\/uploads\/2015\/04\/seulajamais1.jpg\"><img loading=\"lazy\" decoding=\"async\" class=\" size-full wp-image-269 aligncenter\" src=\"http:\/\/maguykrimm.com\/wp-content\/uploads\/2015\/04\/seulajamais1.jpg\" alt=\"seulajamais1\" width=\"563\" height=\"800\" srcset=\"http:\/\/maguykrimm.com\/wp-content\/uploads\/2015\/04\/seulajamais1.jpg 563w, http:\/\/maguykrimm.com\/wp-content\/uploads\/2015\/04\/seulajamais1-211x300.jpg 211w\" sizes=\"auto, (max-width: 563px) 100vw, 563px\" \/><\/a> <a href=\"http:\/\/maguykrimm.com\/wp-content\/uploads\/2015\/04\/charcutier1.jpg\"><img loading=\"lazy\" decoding=\"async\" class=\" size-full wp-image-257 aligncenter\" src=\"http:\/\/maguykrimm.com\/wp-content\/uploads\/2015\/04\/charcutier1.jpg\" alt=\"charcutier1\" width=\"569\" height=\"800\" srcset=\"http:\/\/maguykrimm.com\/wp-content\/uploads\/2015\/04\/charcutier1.jpg 569w, http:\/\/maguykrimm.com\/wp-content\/uploads\/2015\/04\/charcutier1-213x300.jpg 213w\" sizes=\"auto, (max-width: 569px) 100vw, 569px\" \/><\/a> <a href=\"http:\/\/maguykrimm.com\/wp-content\/uploads\/2015\/04\/cochon1.jpg\"><img loading=\"lazy\" decoding=\"async\" class=\" size-full wp-image-258 aligncenter\" src=\"http:\/\/maguykrimm.com\/wp-content\/uploads\/2015\/04\/cochon1.jpg\" alt=\"cochon1\" width=\"570\" height=\"800\" srcset=\"http:\/\/maguykrimm.com\/wp-content\/uploads\/2015\/04\/cochon1.jpg 570w, http:\/\/maguykrimm.com\/wp-content\/uploads\/2015\/04\/cochon1-214x300.jpg 214w\" sizes=\"auto, (max-width: 570px) 100vw, 570px\" \/><\/a>Sc\u00e9nar de egg&#8211; et dessins de Maguy &#8211; r\u00e9alis\u00e9e en juin 2005<\/p>\n","protected":false},"excerpt":{"rendered":"<p>Sc\u00e9nar de egg&#8211; et dessins de Maguy &#8211; r\u00e9alis\u00e9e en juin 2005<\/p>\n","protected":false},"author":1,"featured_media":0,"parent":2,"menu_order":3,"comment_status":"open","ping_status":"open","template":"nosidebar-page.php","meta":{"footnotes":""},"class_list":["post-309","page","type-page","status-publish","hentry"],"_links":{"self":[{"href":"http:\/\/maguykrimm.com\/index.php?rest_route=\/wp\/v2\/pages\/309","targetHints":{"allow":["GET"]}}],"collection":[{"href":"http:\/\/maguykrimm.com\/index.php?rest_route=\/wp\/v2\/pages"}],"about":[{"href":"http:\/\/maguykrimm.com\/index.php?rest_route=\/wp\/v2\/types\/page"}],"author":[{"embeddable":true,"href":"http:\/\/maguykrimm.com\/index.php?rest_route=\/wp\/v2\/users\/1"}],"replies":[{"embeddable":true,"href":"http:\/\/maguykrimm.com\/index.php?rest_route=%2Fwp%2Fv2%2Fcomments&post=309"}],"version-history":[{"count":0,"href":"http:\/\/maguykrimm.com\/index.php?rest_route=\/wp\/v2\/pages\/309\/revisions"}],"up":[{"embeddable":true,"href":"http:\/\/maguykrimm.com\/index.php?rest_route=\/wp\/v2\/pages\/2"}],"wp:attachment":[{"href":"http:\/\/maguykrimm.com\/index.php?rest_route=%2Fwp%2Fv2%2Fmedia&parent=309"}],"curies":[{"name":"wp","href":"https:\/\/api.w.org\/{rel}","templated":true}]}}