{"id":321,"date":"2015-04-16T10:25:58","date_gmt":"2015-04-16T09:25:58","guid":{"rendered":"http:\/\/maguykrimm.com\/?page_id=321"},"modified":"2015-04-16T16:26:47","modified_gmt":"2015-04-16T15:26:47","slug":"reveille-toi","status":"publish","type":"page","link":"https:\/\/maguykrimm.com\/?page_id=321","title":{"rendered":"R\u00e9veille toi"},"content":{"rendered":"<p><a href=\"http:\/\/maguykrimm.com\/wp-content\/uploads\/2015\/04\/reveil1.jpg\"><img loading=\"lazy\" decoding=\"async\" class=\" size-full wp-image-265 aligncenter\" src=\"http:\/\/maguykrimm.com\/wp-content\/uploads\/2015\/04\/reveil1.jpg\" alt=\"reveil1\" width=\"570\" height=\"800\" srcset=\"https:\/\/maguykrimm.com\/wp-content\/uploads\/2015\/04\/reveil1.jpg 570w, https:\/\/maguykrimm.com\/wp-content\/uploads\/2015\/04\/reveil1-214x300.jpg 214w\" sizes=\"auto, (max-width: 570px) 100vw, 570px\" \/><\/a> <a href=\"http:\/\/maguykrimm.com\/wp-content\/uploads\/2015\/04\/reveil2.jpg\"><img loading=\"lazy\" decoding=\"async\" class=\" size-full wp-image-266 aligncenter\" src=\"http:\/\/maguykrimm.com\/wp-content\/uploads\/2015\/04\/reveil2.jpg\" alt=\"reveil2\" width=\"569\" height=\"800\" srcset=\"https:\/\/maguykrimm.com\/wp-content\/uploads\/2015\/04\/reveil2.jpg 569w, https:\/\/maguykrimm.com\/wp-content\/uploads\/2015\/04\/reveil2-213x300.jpg 213w\" sizes=\"auto, (max-width: 569px) 100vw, 569px\" \/><\/a> <a href=\"http:\/\/maguykrimm.com\/wp-content\/uploads\/2015\/04\/reveil3.jpg\"><img loading=\"lazy\" decoding=\"async\" class=\" size-full wp-image-267 aligncenter\" src=\"http:\/\/maguykrimm.com\/wp-content\/uploads\/2015\/04\/reveil3.jpg\" alt=\"reveil3\" width=\"571\" height=\"800\" srcset=\"https:\/\/maguykrimm.com\/wp-content\/uploads\/2015\/04\/reveil3.jpg 571w, https:\/\/maguykrimm.com\/wp-content\/uploads\/2015\/04\/reveil3-214x300.jpg 214w\" sizes=\"auto, (max-width: 571px) 100vw, 571px\" \/><\/a> <a href=\"http:\/\/maguykrimm.com\/wp-content\/uploads\/2015\/04\/reveil4.jpg\"><img loading=\"lazy\" decoding=\"async\" class=\" size-full wp-image-268 aligncenter\" src=\"http:\/\/maguykrimm.com\/wp-content\/uploads\/2015\/04\/reveil4.jpg\" alt=\"reveil4\" width=\"571\" height=\"800\" srcset=\"https:\/\/maguykrimm.com\/wp-content\/uploads\/2015\/04\/reveil4.jpg 571w, https:\/\/maguykrimm.com\/wp-content\/uploads\/2015\/04\/reveil4-214x300.jpg 214w\" sizes=\"auto, (max-width: 571px) 100vw, 571px\" \/><\/a>Sc\u00e9nar de egg&#8211; et dessins de Maguy &#8211; r\u00e9alis\u00e9e en janvier 2006<\/p>\n","protected":false},"excerpt":{"rendered":"<p>Sc\u00e9nar de egg&#8211; et dessins de Maguy &#8211; r\u00e9alis\u00e9e en janvier 2006<\/p>\n","protected":false},"author":1,"featured_media":0,"parent":2,"menu_order":8,"comment_status":"open","ping_status":"open","template":"nosidebar-page.php","meta":{"footnotes":""},"class_list":["post-321","page","type-page","status-publish","hentry"],"_links":{"self":[{"href":"https:\/\/maguykrimm.com\/index.php?rest_route=\/wp\/v2\/pages\/321","targetHints":{"allow":["GET"]}}],"collection":[{"href":"https:\/\/maguykrimm.com\/index.php?rest_route=\/wp\/v2\/pages"}],"about":[{"href":"https:\/\/maguykrimm.com\/index.php?rest_route=\/wp\/v2\/types\/page"}],"author":[{"embeddable":true,"href":"https:\/\/maguykrimm.com\/index.php?rest_route=\/wp\/v2\/users\/1"}],"replies":[{"embeddable":true,"href":"https:\/\/maguykrimm.com\/index.php?rest_route=%2Fwp%2Fv2%2Fcomments&post=321"}],"version-history":[{"count":0,"href":"https:\/\/maguykrimm.com\/index.php?rest_route=\/wp\/v2\/pages\/321\/revisions"}],"up":[{"embeddable":true,"href":"https:\/\/maguykrimm.com\/index.php?rest_route=\/wp\/v2\/pages\/2"}],"wp:attachment":[{"href":"https:\/\/maguykrimm.com\/index.php?rest_route=%2Fwp%2Fv2%2Fmedia&parent=321"}],"curies":[{"name":"wp","href":"https:\/\/api.w.org\/{rel}","templated":true}]}}