{"id":328,"date":"2015-04-16T10:53:30","date_gmt":"2015-04-16T09:53:30","guid":{"rendered":"http:\/\/maguykrimm.com\/?page_id=328"},"modified":"2015-04-16T16:28:04","modified_gmt":"2015-04-16T15:28:04","slug":"21-12-2012","status":"publish","type":"page","link":"https:\/\/maguykrimm.com\/?page_id=328","title":{"rendered":"21 12 2012"},"content":{"rendered":"<p><a href=\"http:\/\/maguykrimm.com\/wp-content\/uploads\/2015\/04\/21122012A.jpg\"><img loading=\"lazy\" decoding=\"async\" class=\"alignnone size-full wp-image-152 aligncenter\" src=\"http:\/\/maguykrimm.com\/wp-content\/uploads\/2015\/04\/21122012A.jpg\" alt=\"21122012A\" width=\"572\" height=\"800\" srcset=\"https:\/\/maguykrimm.com\/wp-content\/uploads\/2015\/04\/21122012A.jpg 572w, https:\/\/maguykrimm.com\/wp-content\/uploads\/2015\/04\/21122012A-215x300.jpg 215w\" sizes=\"auto, (max-width: 572px) 100vw, 572px\" \/><\/a> <a href=\"http:\/\/maguykrimm.com\/wp-content\/uploads\/2015\/04\/21122012B.jpg\"><img loading=\"lazy\" decoding=\"async\" class=\" size-full wp-image-153 aligncenter\" src=\"http:\/\/maguykrimm.com\/wp-content\/uploads\/2015\/04\/21122012B.jpg\" alt=\"21122012B\" width=\"560\" height=\"800\" srcset=\"https:\/\/maguykrimm.com\/wp-content\/uploads\/2015\/04\/21122012B.jpg 560w, https:\/\/maguykrimm.com\/wp-content\/uploads\/2015\/04\/21122012B-210x300.jpg 210w\" sizes=\"auto, (max-width: 560px) 100vw, 560px\" \/><\/a> <a href=\"http:\/\/maguykrimm.com\/wp-content\/uploads\/2015\/04\/21122012C.jpg\"><img loading=\"lazy\" decoding=\"async\" class=\"alignnone size-full wp-image-154 aligncenter\" src=\"http:\/\/maguykrimm.com\/wp-content\/uploads\/2015\/04\/21122012C.jpg\" alt=\"21122012C\" width=\"564\" height=\"800\" srcset=\"https:\/\/maguykrimm.com\/wp-content\/uploads\/2015\/04\/21122012C.jpg 564w, https:\/\/maguykrimm.com\/wp-content\/uploads\/2015\/04\/21122012C-212x300.jpg 212w\" sizes=\"auto, (max-width: 564px) 100vw, 564px\" \/><\/a>Sc\u00e9nar et dessins de Maguy &#8211; r\u00e9alis\u00e9e en octobre 2009<\/p>\n","protected":false},"excerpt":{"rendered":"<p>Sc\u00e9nar et dessins de Maguy &#8211; r\u00e9alis\u00e9e en octobre 2009<\/p>\n","protected":false},"author":1,"featured_media":0,"parent":2,"menu_order":12,"comment_status":"open","ping_status":"open","template":"nosidebar-page.php","meta":{"footnotes":""},"class_list":["post-328","page","type-page","status-publish","hentry"],"_links":{"self":[{"href":"https:\/\/maguykrimm.com\/index.php?rest_route=\/wp\/v2\/pages\/328","targetHints":{"allow":["GET"]}}],"collection":[{"href":"https:\/\/maguykrimm.com\/index.php?rest_route=\/wp\/v2\/pages"}],"about":[{"href":"https:\/\/maguykrimm.com\/index.php?rest_route=\/wp\/v2\/types\/page"}],"author":[{"embeddable":true,"href":"https:\/\/maguykrimm.com\/index.php?rest_route=\/wp\/v2\/users\/1"}],"replies":[{"embeddable":true,"href":"https:\/\/maguykrimm.com\/index.php?rest_route=%2Fwp%2Fv2%2Fcomments&post=328"}],"version-history":[{"count":0,"href":"https:\/\/maguykrimm.com\/index.php?rest_route=\/wp\/v2\/pages\/328\/revisions"}],"up":[{"embeddable":true,"href":"https:\/\/maguykrimm.com\/index.php?rest_route=\/wp\/v2\/pages\/2"}],"wp:attachment":[{"href":"https:\/\/maguykrimm.com\/index.php?rest_route=%2Fwp%2Fv2%2Fmedia&parent=328"}],"curies":[{"name":"wp","href":"https:\/\/api.w.org\/{rel}","templated":true}]}}